highest common factor of o and 7.
1
Suppose 0 = -3*m + 4*i + 680, 2*m - i + 4*i = 425. Suppose -2*k - m = -7*k. Let j be (4/(-6))/(9/(-54)). What is the highest common factor of j and k?
4
Let u be 15/(-9)*(-15 + 12). What is the greatest common factor of u and 45?
5
Let t be 2/3 + (-186)/(-18). Calculate the highest common factor of 22 and t.
11
Let t(k) = -k. Let m be t(-4). Let b be (m - 0)*141/12. Let r = -27 + b. What is the greatest common divisor of 50 and r?
10
Let v be (-2)/(-5) - 272112/(-120). What is the highest common factor of v and 54?
54
Let u be 116/10 + 4/10. Let t(g) = 9 - 20 + 2*g + 1. Let j be t(14). Calculate the greatest common divisor of j and u.
6
Let w be 2/(-2)*(-6)/(7 + -1). Let l be w*2 - 20/(-15)*246. Calculate the greatest common factor of l and 30.
30
Let n = -1931 - -1965. Let q be (68/(-1))/((-4)/6). Calculate the greatest common factor of q and n.
34
Let r(j) be the third derivative of -4*j**4/3 + 22*j**3/3 + 52*j**2. Let d be r(-5). What is the highest common factor of d and 68?
68
Let k = -57 + 87. Suppose -22*w = -380 + 116. What is the highest common factor of w and k?
6
Suppose 2*z - 8 = 5*k, 0 = 3*z - 4*z + 2*k + 3. Let d(t) = 7*t**2. Let m be d(z). Let l = 81 - 39. Calculate the highest common factor of m and l.
7
Let h = -1017 - -1566. Calculate the highest common divisor of 61 and h.
61
Suppose 16*p + 169 = 409. Suppose -5 = 5*b + 5*m, -3*b + m = -4*m + 43. Let d be (b/4 - -1)*-150. What is the greatest common divisor of p and d?
15
Let v(j) = -29*j + 14. Let l be v(-4). Suppose 7*m - l = 24. Calculate the greatest common factor of m and 154.
22
Suppose 3*f - 58*j - 118 = -53*j, 162 = 4*f - 2*j. What is the greatest common factor of 82 and f?
41
Let k be 69*(-15)/(-54) + 1/(-6). Let q be (k/(-2))/(9/(-18)). What is the greatest common divisor of 19 and q?
19
Let z = -148 + 407. What is the highest common factor of 21 and z?
7
Suppose 29 = -0*q + q. Suppose -q = -k - 6. Let g be (-23)/(-2)*(-2 - (7 - 15)). Calculate the highest common divisor of g and k.
23
Let n(o) = 17*o - 47. Let s be n(3). Calculate the highest common factor of s and 34.
2
Let s(u) = 133*u - 159. Let w be s(16). Calculate the greatest common factor of 11 and w.
11
Let y(j) = -j**3 - j**2 - j + 7. Let c be y(0). Let m(k) = 3*k**2 + 2*k - 7. Let r be m(c). What is the greatest common factor of r and 22?
22
Suppose -q = 3*m + 272, 3*m + 2*m = 4*q - 476. Let i = -76 - m. Calculate the greatest common factor of i and 304.
16
Let i = -1385 - -1565. Calculate the highest common factor of i and 252.
36
Let x(j) = -j**3 - 5*j**2 + 6*j - 1. Let b be x(4). Let u = b - -135. What is the greatest common divisor of u and 63?
7
Suppose 2*j = f - 78, 0 = 2*f - 5*f - j + 213. Let c = 142 - f. Calculate the greatest common divisor of c and 28.
14
Suppose 5*i - 2*m + 10 = 0, 4*i - m = 1 - 9. Let y be (3 - 5)*(-1 - i). Let k be y*(-4*1 - -2). What is the greatest common factor of 28 and k?
4
Suppose 15*f + 2679 = 18*f. What is the greatest common factor of f and 47?
47
Let x be 12/(-20) + -1483*(-2)/10. Suppose x - 110 = 2*i. Calculate the greatest common divisor of i and 62.
31
Let n be 6/(1 - (-7)/(-8)). Let x = -2 + 6. Let f(k) = k + 2. Let t be f(x). Calculate the greatest common factor of n and t.
6
Let a(n) = n**2 - 3*n + 3. Let b be a(5). Let u be (114/15 - 8)/((-10)/325). Calculate the greatest common factor of b and u.
13
Let d(f) = 4*f + 9. Let t be d(5). Suppose -5*i - t = -149. Calculate the highest common factor of i and 6.
6
Suppose -12*u = -14*u + 4. Let n = -107 + 129. Calculate the highest common divisor of n and u.
2
Let p(c) = -9*c**3 - 1. Let t be p(-1). Let q be -3 + (-3724)/(-63) - 8/72. What is the greatest common factor of t and q?
8
Let y be 4*(-2)/20 + 17/5. Suppose 2*t + m + 14 = y*t, 2*t + 4*m - 4 = 0. What is the highest common factor of 30 and t?
10
Suppose -8*w - 15 = 41. Let f = w - -203. Calculate the greatest common divisor of 28 and f.
28
Let d = 807 + -719. Let n(h) = -h**2 - 6*h - 1. Let c be n(-3). What is the greatest common factor of c and d?
8
Suppose -650 = -8*q - 210. Calculate the highest common divisor of 440 and q.
55
Suppose -3*p + 30 = -48. Suppose 18*l + 312 = 42*l. What is the highest common factor of p and l?
13
Let x(g) be the third derivative of -g**4/6 + 6*g**2. Let q be x(-6). What is the greatest common factor of q and 6?
6
Suppose 5*a - t - 50 = 43, -5*a = 4*t - 78. Let d = -14 + 14. Suppose m - 5*i - 49 = 0, d = i - 1 - 0. Calculate the highest common factor of m and a.
18
Suppose 0 = -10*z + 6*z + 280. Let v be 0/((-2 - -10)/(-4)). Suppose v*k - z = -5*k - 5*u, -k + 4 = -4*u. What is the greatest common factor of 12 and k?
12
Let k(g) = 10*g - 9*g - 6 + 50 - 5*g. Let d be k(0). Calculate the greatest common factor of 44 and d.
44
Suppose 8*p - 3*p = 10. Let t(u) = 14*u - 3. Let a be t(p). Suppose 4*d - 10 = -2*f, -f = -5*f - 20. What is the greatest common factor of d and a?
5
Let s(t) = t + 11. Let z be s(-15). Let q be (-2366)/(-49) - z/(-14). Calculate the highest common factor of q and 24.
24
Let a(y) = -5*y + 88. Let r be a(16). Suppose 192 = -j + 5*j. Calculate the highest common divisor of r and j.
8
Let z be (-4)/(-2)*(-6)/4. Let b be (-1)/z + (-99)/(-27). What is the highest common factor of 4 and b?
4
Let q be (30/9 - 5)/(1/(-15)). Suppose -w - 14 = -q. Calculate the greatest common factor of 33 and w.
11
Let j(c) = 3*c + 72. Let s be j(0). Let k = s + -42. Calculate the highest common divisor of k and 6.
6
Let l(i) = -21*i + 20. Let j be l(16). Let o = 503 + j. Let t = 55 + -38. What is the greatest common factor of t and o?
17
Suppose -71*z + 68*z + 72 = 0. Suppose -5 = u - 30. Let a = u - -11. What is the greatest common factor of a and z?
12
Let y = 248 - 243. What is the highest common factor of 45 and y?
5
Suppose -5*i + 380*q + 24 = 376*q, 2*i = -2*q + 6. Suppose 11 = -5*b + 71. What is the highest common factor of b and i?
4
Let l = -35 - -25. Let r = l + 12. Suppose 0*w - 240 = -r*w. What is the greatest common divisor of w and 15?
15
Let j be 183*2/6 + -1. Suppose -2*l + j = 12. What is the greatest common divisor of l and 3?
3
Suppose 1 = 3*k - 4*f, -3*k + 5 = -0*k - 2*f. Let g = k - -25. Suppose 0 = -4*v + 568 - g. Calculate the highest common factor of 54 and v.
27
Suppose 363 + 129 = 3*i. Suppose 51*b = 56*b - 205. Calculate the highest common factor of b and i.
41
Suppose -5*f = 0, -252*f + 253*f - 416 = -c. Calculate the greatest common divisor of 192 and c.
32
Suppose 3*c + 291 = -15*z + 16*z, 2*z + 4*c - 602 = 0. Suppose 22 + 32 = 2*k. What is the highest common factor of k and z?
27
Let p = -163 + 175. What is the greatest common divisor of p and 1002?
6
Let i(f) be the first derivative of -f**4 - 2*f**3/3 + 1. Suppose 0 = -5*n, 8*s - 4*n = 3*s - 15. Let m be i(s). What is the highest common factor of 18 and m?
18
Suppose 128*r = 140*r - 228. What is the highest common factor of r and 8?
1
Suppose 11*m + 5*v = 8*m + 48, 2*m - 4*v = 32. Suppose s + 2*s = -9, f = 2*s + 86. What is the greatest common divisor of m and f?
16
Let l be (-2 + 1)*-2 - -15. Let g be 1/(5/(-15))*17/(-3). What is the highest common factor of l and g?
17
Suppose -5*n + 137 = -w + 517, 0 = 4*w - 3*n - 1537. What is the greatest common divisor of 35 and w?
35
Let w(j) = -j**3 + j**2 - j + 7. Let y be w(0). What is the greatest common divisor of y and 35?
7
Suppose i + 3*o = 2*i - 18, -2*i + 1 = o. Suppose 0 = i*j - 7*j + 120. Calculate the highest common divisor of 10 and j.
10
Suppose 27 = 5*f - 8. Suppose -f*a + 132 = 5*a. What is the highest common divisor of a and 44?
11
Suppose -49 = -o - 2*t, -3*o - 5*t = -t - 137. What is the highest common divisor of o and 182?
13
Let q be 1/4 - (-11)/4. Let k be (1 + -8)/((6/39)/(-2)). Let b = k - 79. Calculate the highest common factor of q and b.
3
Suppose -5*v + g = -115, 5*v - 120 = -g + 5. Suppose 13 = 7*o - 15. Suppose -s + v = o. Calculate the greatest common factor of s and 10.
10
Suppose 4*j = 3*m + 20, -2*m + m + 44 = 5*j. What is the greatest common factor of 88 and j?
8
Suppose 48*b - 44*b - 88 = 0. What is the greatest common divisor of b and 11?
11
Let n(l) = -l**3 - 12*l**2 - 13*l + 9. Let q = -14 - -2. Let v be n(q). Let y(i) = -i 